ivide 9357?
False
Is 597 even?
False
Is 1549 a multiple of 53?
False
Is 199 a multiple of 8?
False
Is 109380 a multiple of 15?
True
Does 19 divide 1702?
False
Is 7654 a multiple of 178?
True
Is 5535 a multiple of 47?
False
Is 184 a factor of 5704?
True
Is 27 a factor of 31824?
False
Does 65 divide 1166?
False
Is 266 a factor of 75873?
False
Is 17 a factor of 3417?
True
Does 3 divide 24?
True
Is 16 a factor of 496?
True
Does 8 divide 9928?
True
Is 1978 a multiple of 23?
True
Does 13 divide 312?
True
Is 1292 a multiple of 12?
False
Does 8 divide 24864?
True
Is 436 a multiple of 218?
True
Does 4 divide 1332?
True
Does 72 divide 22017?
False
Is 556 a multiple of 13?
False
Does 30 divide 14520?
True
Is 1387 a multiple of 51?
False
Is 49 a factor of 47893?
False
Does 57 divide 16391?
False
Does 74 divide 11808?
False
Is 35 a factor of 1158?
False
Does 7 divide 2233?
True
Does 14 divide 2324?
True
Is 462 a multiple of 6?
True
Is 98 a multiple of 4?
False
Is 2267 a multiple of 3?
False
Is 3 a factor of 9?
True
Is 85 a multiple of 15?
False
Does 25 divide 200?
True
Does 62 divide 35618?
False
Does 36 divide 6408?
True
Is 17311 a multiple of 7?
True
Is 8 a factor of 112?
True
Does 87 divide 22108?
False
Is 792 a multiple of 12?
True
Is 126 even?
True
Is 3 a factor of 1226?
False
Is 77 a factor of 59906?
True
Does 43 divide 12565?
False
Does 14 divide 2335?
False
Does 21 divide 3441?
False
Does 11 divide 13151?
False
Is 1429 a multiple of 4?
False
Does 11 divide 1661?
True
Does 6 divide 143?
False
Is 22667 a multiple of 19?
True
Does 27 divide 378?
True
Does 97 divide 6353?
False
Is 2700 a multiple of 54?
True
Is 43 a factor of 17972?
False
Is 702 a multiple of 39?
True
Is 125 a factor of 68750?
True
Does 191 divide 55856?
False
Is 30872 a multiple of 17?
True
Is 195 a multiple of 4?
False
Is 1001 a multiple of 7?
True
Does 52 divide 7540?
True
Does 110 divide 61125?
False
Does 9 divide 6497?
False
Is 10 a factor of 305?
False
Is 12 a factor of 3204?
True
Is 13 a factor of 10231?
True
Does 2 divide 1774?
True
Is 41888 a multiple of 154?
True
Does 17 divide 1704?
False
Is 5 a factor of 125?
True
Is 72 a factor of 9936?
True
Does 10 divide 10790?
True
Is 37 a factor of 1835?
False
Does 13 divide 9956?
False
Is 35808 a multiple of 8?
True
Does 123 divide 3760?
False
Is 43 a factor of 56601?
False
Does 5 divide 2684?
False
Is 72 a factor of 1548?
False
Does 92 divide 1656?
True
Does 2 divide 621?
False
Is 76 a factor of 17632?
True
Does 42 divide 286?
False
Is 18 a factor of 17100?
True
Is 19 a factor of 7695?
True
Is 13 a factor of 6084?
True
Does 29 divide 28439?
False
Is 89220 a multiple of 20?
True
Does 20 divide 3040?
True
Does 8 divide 468?
False
Does 21 divide 8127?
True
Is 20 a factor of 22?
False
Does 6 divide 12474?
True
Is 4 a factor of 4056?
True
Is 50 a factor of 38764?
False
Is 108 a factor of 7236?
True
Does 16 divide 3232?
True
Is 18 a factor of 457?
False
Is 6840 a multiple of 20?
True
Is 47 a factor of 141?
True
Is 6 a factor of 81174?
True
Does 110 divide 110330?
True
Is 13 a factor of 715?
True
Is 13493 a multiple of 19?
False
Is 1188 a multiple of 33?
True
Is 945 a multiple of 9?
True
Does 113 divide 8397?
False
Is 11 a factor of 759?
True
Is 32 a factor of 25696?
True
Is 11 a factor of 2043?
False
Does 4 divide 1232?
True
Does 99 divide 16631?
False
Is 111 a factor of 39072?
True
Does 52 divide 100876?
False
Is 264 a multiple of 11?
True
Does 20 divide 17200?
True
Is 1275 a multiple of 17?
True
Does 6 divide 8598?
True
Is 41 a factor of 410?
True
Is 3639 a multiple of 8?
False
Is 4184 a multiple of 10?
False
Is 15594 a multiple of 113?
True
Is 210 a factor of 516?
False
Is 1729 a multiple of 13?
True
Is 908 a multiple of 21?
False
Does 11 divide 473?
True
Does 101 divide 188600?
False
Does 21 divide 2622?
False
Is 4240 a multiple of 10?
True
Is 80 a factor of 21680?
True
Is 10 a factor of 550?
True
Is 105 a factor of 1434?
False
Is 17 a factor of 5759?
False
Is 31 a factor of 2387?
True
Does 10 divide 13449?
False
Is 560 a multiple of 27?
False
Is 10 a factor of 312?
False
Is 9545 a multiple of 5?
True
Does 13 divide 244?
False
Is 1128 a multiple of 13?
False
Is 1438 a multiple of 12?
False
Does 7 divide 1340?
False
Does 40 divide 10960?
True
Is 9 a factor of 4905?
True
Is 8 a factor of 1220?
False
Does 13 divide 8190?
True
Does 91 divide 2184?
True
Does 13 divide 56797?
True
Does 47 divide 89441?
True
Does 14 divide 3668?
True
Is 1800 a multiple of 13?
False
Does 19 divide 38?
True
Is 25056 a multiple of 54?
True
Does 36 divide 322?
False
Does 18 divide 93440?
False
Is 1210 a multiple of 110?
True
Does 92 divide 1684?
False
Is 14542 a multiple of 135?
False
Is 20510 a multiple of 70?
True
Is 1207 a multiple of 17?
True
Is 24 a factor of 960?
True
Is 5 a factor of 180?
True
Is 7 a factor of 2237?
False
Is 5 a factor of 237?
False
Is 3 a factor of 30?
True
Does 2 divide 4?
True
Is 33 a factor of 6630?
False
Does 12 divide 6415?
False
Is 88575 a multiple of 14?
False
Is 6984 a multiple of 24?
True
Is 8 a factor of 10107?
False
Does 16 divide 576?
True
Does 21 divide 38734?
False
Is 2450 a multiple of 35?
True
Does 10 divide 14040?
True
Is 22 even?
True
Does 18 divide 16542?
True
Is 7820 a multiple of 85?
True
Is 17 a factor of 204?
True
Is 113 a factor of 1469?
True
Does 38 divide 8588?
True
Does 86 divide 172?
True
Does 16 divide 4639?
False
Is 28 a factor of 7028?
True
Does 2 divide 96?
True
Is 21202 a multiple of 6?
False
Is 260 a factor of 9500?
False
Is 2 a factor of 668?
True
Is 4704 a multiple of 14?
True
Is 25 a factor of 100?
True
Is 7744 a multiple of 5?
False
Is 1452 a multiple of 28?
False
Is 16830 a multiple of 17?
True
Is 1352 a multiple of 26?
True
Is 15 a factor of 929?
False
Is 4374 a multiple of 27?
True
Is 13829 a multiple of 21?
False
Is 3 a factor of 383?
False
Is 137 a factor of 47732?
False
Is 16000 a multiple of 16?
True
Does 37 divide 3589?
True
Is 24 a factor of 346?
False
Is 151 a factor of 4910?
False
Is 14 a factor of 2114?
True
Is 13 a factor of 130?
True
Does 25 divide 8400?
True
Does 16 divide 960?
True
Does 188 divide 1270?
False
Does 18 divide 9882?
True
Is 3344 a multiple of 44?
True
Is 551 a multiple of 29?
True
Is 1686 a multiple of 87?
False
Is 32 a factor of 48576?
True
Is 21886 a multiple of 73?
False
Is 9 a factor of 1593?
True
Is 4054 a multiple of 143?
False
Is 4271 a multiple of 29?
False
Is 77 a multiple of 5?
False
Does 27 divide 2862?
True
Is 1356 a multiple of 84?
False
Is 11 a factor of 21043?
True
Is 36530 a multiple of 13?
True
Is 15672 a multiple of 8?
True
Is 292 a multiple of 22?
False
Is 22 a factor of 1884?
False
Is 262 a multiple of 10?
False
Does 45 divide 2700?
True
Is 1978 a multiple of 3?
False
Does 14 divide 48?
False
Is 1397 a multiple of 11?
True
Does 51 divide 6528?
True
Does 4 divide 12520?
True
Is 38340 a multiple of 142?
True
Is 9504 a multiple of 6?
True
Is 180 a multiple of 13?
False
Is 96117 a multiple of 12?
False
Does 12 divide 279?
False
Is 4160 a multiple of 46?
False
Is 145302 a multiple of 24?
False
Is 3426 a multiple of 10?
False
Is 18 a factor of 498?
False
Is 16 a factor of 517?
False
Is 49890 a multiple of 17?
False
Is 3540 a multiple of 67?
False
Is 1078 a multiple of 14?
True
Does 57 divide 27132?
True
Is 2902 a multiple of 58?
False
Does 106 divide 81514?
True
Is 30 a factor of 7260?
True
Is 179 a factor of 3560?
False
Does 17 divide 170?
True
Is 30426 a multiple of 33?
True
Is 3 a factor of 767?
False
Is 6 a factor of 2004?
True
Is 28 a factor of 1008?
True
Does 18 divide 1938?
False
Does 42 divide 672?
True
Is 57 a factor of 5029?
False
Is 5100 a multiple of 68?
True
Is 124 a multiple of 4?
True
Is 7704 a multiple of 9?
True
Is 1465 a multiple of 5?
True
Is 12 a factor of 1291?
False
Does 70 divide 2170?
True
Is 3268 a multiple of 19?
True
Is 49 a factor of 21879?
False
Is 2126 a multiple of 40?
False
Does 11 divide 9350?
True
Does 2 divide 85?
False
Does 36 divide 7857?
False
Is 6748 a multiple of 7?
True
Is 15856 a multiple of 11?
False
Is 7 a factor of 13664?
True
Is 7 a factor of 28?
True
Does 15 divide 514?
False
Is 61 a factor of 29524?
True
Is 6637 a multiple of 24?
False
Is 24574 a multiple of 7?
False
Is 8 a factor of 8415?
False
Is 111 a f